 of 345 and 10465.
115
Calculate the greatest common divisor of 35 and 1415.
5
What is the highest common factor of 28 and 3486?
14
Calculate the highest common divisor of 2 and 26.
2
Calculate the highest common divisor of 84 and 210.
42
What is the highest common divisor of 2 and 62?
2
Calculate the highest common factor of 119 and 427.
7
Calculate the greatest common divisor of 18 and 1251.
9
Calculate the highest common divisor of 74 and 111.
37
What is the highest common factor of 252 and 180?
36
Calculate the highest common divisor of 567 and 1125.
9
What is the highest common factor of 232 and 29?
29
What is the greatest common factor of 4664 and 8?
8
Calculate the greatest common factor of 117 and 507.
39
Calculate the highest common factor of 6 and 8094.
6
Calculate the highest common factor of 74 and 5402.
74
What is the greatest common divisor of 3420 and 16?
4
What is the highest common factor of 54 and 306?
18
What is the highest common divisor of 27 and 333?
9
What is the greatest common factor of 1441 and 11?
11
Calculate the highest common divisor of 648 and 24.
24
Calculate the highest common factor of 100 and 12.
4
What is the highest common divisor of 582 and 6?
6
What is the highest common divisor of 4 and 20?
4
Calculate the greatest common divisor of 20 and 16150.
10
What is the greatest common divisor of 2048 and 32?
32
Calculate the highest common divisor of 5110 and 175.
35
What is the highest common divisor of 522 and 414?
18
Calculate the highest common divisor of 154 and 98.
14
Calculate the highest common divisor of 80268 and 12.
12
What is the highest common divisor of 3 and 9?
3
Calculate the highest common factor of 24 and 56.
8
Calculate the greatest common divisor of 25 and 137.
1
What is the greatest common factor of 120 and 8730?
30
Calculate the greatest common divisor of 12 and 213.
3
What is the highest common factor of 80 and 106?
2
Calculate the highest common divisor of 8 and 512.
8
What is the highest common divisor of 123 and 287?
41
Calculate the greatest common factor of 3601 and 91.
13
Calculate the highest common factor of 427 and 28.
7
Calculate the highest common factor of 1602 and 90.
18
What is the greatest common divisor of 400 and 25?
25
Calculate the highest common divisor of 90 and 300.
30
What is the greatest common factor of 75 and 9?
3
Calculate the greatest common divisor of 21198 and 30.
6
What is the greatest common divisor of 45 and 1152?
9
Calculate the greatest common divisor of 72 and 472.
8
Calculate the greatest common divisor of 25 and 40.
5
What is the highest common divisor of 295 and 531?
59
What is the greatest common factor of 11 and 803?
11
Calculate the greatest common divisor of 330 and 3930.
30
What is the highest common factor of 84 and 196?
28
What is the greatest common divisor of 39 and 832?
13
Calculate the highest common factor of 126 and 7362.
18
Calculate the highest common factor of 913 and 1079.
83
What is the greatest common divisor of 160 and 2144?
32
What is the highest common factor of 105 and 399?
21
Calculate the highest common factor of 580 and 928.
116
Calculate the highest common factor of 130 and 75.
5
What is the highest common factor of 12 and 15?
3
Calculate the greatest common factor of 12317 and 113.
113
What is the highest common factor of 533 and 41?
41
Calculate the greatest common factor of 46 and 391.
23
What is the highest common divisor of 1632 and 160?
32
Calculate the highest common factor of 2375 and 855.
95
What is the highest common factor of 81 and 963?
9
Calculate the greatest common divisor of 540 and 1710.
90
What is the greatest common divisor of 8 and 376?
8
Calculate the greatest common divisor of 7200 and 24.
24
What is the highest common factor of 126 and 1062?
18
What is the highest common factor of 391 and 323?
17
What is the greatest common factor of 6 and 39378?
6
What is the greatest common factor of 988 and 104?
52
Calculate the highest common divisor of 104 and 806.
26
What is the greatest common divisor of 621 and 27?
27
Calculate the greatest common divisor of 376 and 423.
47
What is the greatest common factor of 17 and 3?
1
What is the greatest common divisor of 448 and 14?
14
What is the greatest common factor of 302 and 2?
2
Calculate the greatest common divisor of 2030 and 464.
58
What is the highest common factor of 378 and 1596?
42
Calculate the greatest common divisor of 161 and 70.
7
Calculate the greatest common divisor of 594 and 999.
27
What is the highest common factor of 342 and 57?
57
Calculate the highest common factor of 18277 and 147.
49
Calculate the greatest common factor of 455 and 39.
13
Calculate the greatest common factor of 57 and 247.
19
What is the greatest common divisor of 4681 and 31?
31
Calculate the greatest common factor of 1222 and 26.
26
Calculate the greatest common divisor of 166 and 23.
1
Calculate the greatest common divisor of 18 and 207.
9
What is the highest common divisor of 8 and 72?
8
Calculate the greatest common divisor of 5 and 115.
5
Calculate the highest common factor of 243 and 1017.
9
What is the highest common factor of 338 and 104?
26
What is the highest common divisor of 45 and 27855?
45
Calculate the greatest common factor of 892 and 4.
4
What is the highest common divisor of 40 and 1192?
8
What is the highest common divisor of 6915 and 15?
15
What is the highest common divisor of 1752 and 444?
12
What is the greatest common factor of 112 and 48?
16
Calculate the highest common divisor of 84 and 39676.
28
What is the greatest common factor of 1575 and 252?
63
Calculate the greatest common divisor of 11 and 12.
1
Calculate the highest common factor of 2697 and 2001.
87
Calculate the greatest common divisor of 9 and 387.
9
What is the highest common divisor of 1261 and 143?
13
What is the highest common factor of 183 and 427?
61
What is the greatest common divisor of 955 and 1719?
191
What is the greatest common divisor of 12 and 176?
4
Calculate the highest common divisor of 2080 and 78.
26
What is the greatest common divisor of 14 and 7406?
14
Calculate the greatest common divisor of 1606 and 73.
73
What is the highest common divisor of 2790 and 9?
9
What is the highest common factor of 48 and 246?
6
What is the greatest common divisor of 154 and 5390?
154
What is the highest common factor of 725 and 203?
29
Calculate the greatest common factor of 50 and 1820.
10
Calculate the highest common factor of 4 and 47.
1
What is the highest common factor of 264 and 330?
66
What is the greatest common divisor of 260 and 2236?
52
Calculate the greatest common factor of 2561 and 39.
13
What is the greatest common factor of 1520 and 20?
20
What is the greatest common divisor of 60 and 36?
12
Calculate the greatest common factor of 42 and 243.
3
Calculate the highest common factor of 299 and 207.
23
What is the greatest common factor of 589 and 399?
19
Calculate the highest common divisor of 73 and 89717.
73
Calculate the highest common factor of 224 and 343.
7
What is the greatest common divisor of 2034 and 90?
18
Calculate the greatest common divisor of 9 and 3564.
9
What is the greatest common divisor of 132 and 24?
12
Calculate the greatest common factor of 567 and 216.
27
What is the highest common factor of 819 and 26?
13
What is the highest common factor of 129 and 3?
3
Calculate the greatest common factor of 72 and 72.
72
What is the greatest common factor of 50 and 700?
50
What is the greatest common divisor of 68 and 204?
68
Calculate the greatest common divisor of 957 and 841.
29
Calculate the highest common factor of 119 and 21.
7
What is the greatest common divisor of 140 and 161?
7
What is the greatest common factor of 14 and 350?
14
Calculate the greatest common factor of 1241 and 1387.
73
What is the greatest common factor of 272 and 34?
34
Calculate the greatest common divisor of 1250 and 1550.
50
What is the highest common divisor of 1111 and 33?
11
What is the greatest common factor of 729 and 27?
27
Calculate the highest common factor of 656 and 16.
16
Calculate the highest common factor of 22 and 165.
11
What is the highest common divisor of 96 and 6768?
48
What is the greatest common divisor of 1378 and 53?
53
What is the greatest common divisor